+ 5*y - 60 = y, -3 = -y. Let z = 5 - m. Is x(z) composite?
False
Suppose 0 = -4*r + 5*z + 5, 0 = 3*r - 4*z + z - 3. Let n(f) = 93 - 36 + 44 + 54 - 2*f. Is n(r) prime?
False
Is (55/(-15) - -4)/((-4)/(-25836)) a composite number?
False
Let y = -100 - -104. Suppose -k + 94 = i, 3*k - y*i - 379 + 132 = 0. Is k a prime number?
True
Let x(f) = 65 - 3*f - 2*f + 12*f**2 - 53. Is x(7) a composite number?
True
Suppose 12*f - f = 20933. Let q = -696 + f. Is q a prime number?
False
Let u(d) = 7*d**2 + 7. Let w be u(-9). Let y be (1 - 2)*(-2 + -213). Let h = w - y. Is h a composite number?
False
Let u(k) = -k**3 + 35*k**2 - 1. Let y be u(35). Let r(m) = -m**3 + 6*m**2 + m - 7. Let w be r(6). Is 244 - (w - (y - -3)) composite?
True
Suppose -6687 = -o + 2*y, 2*o - 13342 = 2*y - 6*y. Is o a prime number?
True
Let a(q) be the third derivative of -151*q**4/24 - 3*q**2. Let j be a(-3). Is j/9 - (-4)/6 a prime number?
False
Suppose 2*z = 4*w - 2, w + 4 = 3. Let c be 6 - (-2)/(2 + z). Is (-2 - 31)*c/(-6) composite?
True
Suppose 0 = 2*t + 2 - 4. Let h(x) = 2 - 117*x + 331*x + t. Is h(1) composite?
True
Let u(c) = -c**3 + 8*c**2 + 4. Let v be u(8). Suppose 4*m - v*p + 744 = p, 5*m + 930 = 5*p. Let k = m - -313. Is k prime?
True
Suppose -7*i - 15 = -12*i. Let z = i + 4. Suppose -223 = -z*f + 6*f. Is f a composite number?
False
Let v(j) = -26*j + 1. Let b(h) = -39*h + 1. Let p(n) = 5*b(n) - 8*v(n). Let w be p(1). Is ((-3810)/25)/((-4)/w) a composite number?
True
Let t = 747 + 7256. Is t a prime number?
False
Let i(u) = 500*u**2 + 10*u + 7. Is i(7) prime?
False
Let m(n) = n**3 - 12*n**2 + 12*n - 34. Suppose -15*x + 45 = -12*x. Is m(x) composite?
False
Let p = 92 + -92. Suppose p = 78*h - 79*h + 553. Is h a prime number?
False
Let c(y) = 145*y**2 + 3*y - 13. Let d be c(-5). Suppose q = 2*w - d, 0 = -q - 0*q + 5. Is w composite?
False
Let c be (-1)/(-2)*(7 - -7). Is ((-97)/(-3))/(c/21) a prime number?
True
Let f(t) = 247*t**2 - 6*t - 8. Let s be f(7). Let o = 18850 - s. Is o composite?
True
Let q(j) = -29*j + 3. Let l be (9/6 - 1)*-12. Let h be q(l). Suppose -3*v + 0*v = -h. Is v a prime number?
True
Suppose -25*i + 1601763 - 351988 = 0. Is i a composite number?
False
Let j(r) = r**2 + 7*r + 8. Let a be j(-5). Let i(s) = 4*s**2 - 1. Let d be i(a). Is 4600/d + (-1)/(-3) prime?
True
Suppose -3*b = 3*f + 527 + 1414, 0 = -4*f - 2*b - 2578. Let u = f - -901. Is u/(-28)*(0 - 4) a prime number?
True
Let b(s) = s**2 - 6. Let z be 2/4 + 4/(-8). Let u be b(z). Is 1/u*2*-1893 composite?
False
Let w be (-2)/(-3 + (-935)/(-311)). Let c = -638 - w. Let q = -209 - c. Is q a composite number?
True
Suppose 37*n - 39*n = -586. Is n prime?
True
Let p = 518 + -995. Is 1*22*p/(-18) a composite number?
True
Let t = 5386 + -1997. Is t composite?
False
Suppose 5*f = -3*r + 97, 4*f - 3*r - 23 = 3*f. Suppose -2*v = z - 8, -v - 2 + f = 4*z. Suppose 0*p + 3*p - 83 = -5*l, l + v*p - 11 = 0. Is l a composite number?
False
Let v(i) = -1897*i**3 + 39*i**2 + 110*i + 7. Is v(-3) prime?
False
Let s = -43964 - -94423. Is s a prime number?
True
Let w(o) = 11*o**2 - 45*o + 61. Is w(21) prime?
True
Suppose 0 = -4*j + 3*s + 126, 0*j - 2*j + 68 = -4*s. Suppose -g + 4 + j = 0. Is g prime?
False
Suppose 3*y = -v - v - 2257, -5671 = 5*v - 2*y. Let k(p) = p**2 - 19*p + 5. Let m be k(18). Is (-18)/117 + v/m prime?
False
Let c be 112/(1 + 0) - 0. Let q be (-23)/(-7) - 32/c. Suppose z - 36 = -q*m + 88, -z - 4*m + 123 = 0. Is z prime?
True
Let y be ((-3)/(-2))/(4/(-656)). Let l = 348 + y. Suppose -5*x + 91 = 3*g - 11, -3*g = -5*x - l. Is g prime?
False
Let j be (-1004)/(-36)*3*-3*1. Is 2 - (-12)/(-2) - j prime?
False
Suppose 4*j = -3*j. Is (2 + j - (-1592)/2) + -1 a prime number?
True
Let z be 7/(-49) + 114/14. Let x = -4 + z. Suppose -3*h - 112 = -2*l + 55, 0 = x*l + h - 313. Is l composite?
False
Is (-1353)/(-1) - (-488)/61 composite?
False
Let m = -472 - -895. Let z = 892 - m. Is z composite?
True
Let t = -7 + 1. Let r be t/15 - 54/(-10). Suppose -3*m = r*y - 768, 0*m = 3*m - 4*y - 741. Is m a composite number?
False
Let f(y) = y. Let h(z) = -5*z - 1. Let u(n) = 6*f(n) + h(n). Let c(x) = 37*x + 4. Let k(s) = -c(s) + 2*u(s). Is k(-11) composite?
False
Let n be 3/(-1 + 8/7). Suppose n = 2*o - 9. Is o prime?
False
Let w = 1952 - -12129. Is w a composite number?
False
Let l(w) = 1347*w - 3 + 43*w**2 + 1347*w - 2694*w. Suppose -x + 2*b = 4, 4*x + 5*b - 22 = 14. Is l(x) prime?
False
Suppose -4*s + 7426 = -1930. Is s prime?
True
Let o = 10593 - 6746. Is o a prime number?
True
Let w be 3*-1 + (-18 - -14). Let c = w + 10. Suppose -4*r + 2*m = -1006, -c*r + 520 = -3*m - 230. Is r a composite number?
True
Suppose 3*b = -0*b - 210. Let o be (-22542)/(-14) - (-10)/b. Suppose 2*d = o + 620. Is d a composite number?
True
Suppose 0 = 35*l - 37*l + 554. Is l a composite number?
False
Suppose -i + 3*h = -18, 5*i - 2*i - 4*h - 34 = 0. Suppose 0 = 2*t - 0*t + i. Is -1 + 501/3 + t a prime number?
True
Let l(u) = -u**2 + 2. Let q be (-7)/21*0/(-1). Let t be l(q). Suppose -2*j - 3*d = -670 - 258, -t*j - d = -932. Is j a prime number?
True
Let x = 21 + -22. Is (-20)/x - (-4 + 3) prime?
False
Let h be ((-4)/(-4) - -5)*-11. Let x = -47 - h. Let f = x - -64. Is f a prime number?
True
Is -9 + (-13)/((-52)/28976) a prime number?
False
Let q(y) = 506*y - 569. Is q(27) composite?
False
Suppose 0 = 5*y + 2*y + 4291. Let u = 1400 + y. Is u a prime number?
True
Suppose 0 = 88*z - 95*z + 236957. Is z a prime number?
True
Let x = -42 + -222. Is (-2 - -3)*1 - x a prime number?
False
Suppose -8*g = -33348 - 46964. Is g a prime number?
True
Let j = -35 + 38. Suppose l = -j*l + 2*z + 1860, -2*z + 470 = l. Suppose -l = -2*q - 84. Is q a prime number?
True
Let h = 7 - 5. Suppose -h*d = 477 - 1705. Suppose 2*q - 4*q + 4*n + d = 0, 5*n + 1520 = 5*q. Is q prime?
False
Suppose 3*b - 4 + 22 = 0. Let j(f) = 6*f**2 + 18*f + 3. Let r be j(b). Suppose -8*d + 5*d = -r. Is d composite?
False
Suppose 0 = -4*g + 1206 + 958. Is g a composite number?
False
Let u(s) = 63*s - 50. Is u(7) a composite number?
True
Let h be 42/(-3)*1/2. Let r(m) = -m + 24. Is r(h) a composite number?
False
Let x(g) be the first derivative of -g**4/4 - 5*g**3/3 - 13*g**2/2 + 11*g + 18. Is x(-8) a prime number?
True
Let t(q) = 4*q**2 + 7*q + 14. Let x be t(10). Suppose 1860 + x = 8*k. Is k composite?
False
Is (84622/3)/((-9)/((-216)/16)) composite?
True
Let c = 14 - -10. Let v = 61 - c. Is v prime?
True
Suppose 251*x - 243*x = 17512. Is x composite?
True
Suppose -5*k - 3*o = -132460, -5 = 4*o - 5*o. Is k a composite number?
False
Suppose -3*f + 128772 = 5*g, -2*g + 47509 + 124173 = 4*f. Is f a prime number?
False
Let s(b) = 7*b**3 + 2*b**2 + 5*b - 13. Is s(11) a composite number?
False
Let c(h) = -2*h + 35. Let q be c(15). Suppose 0*k - 2395 = -q*k. Is k prime?
True
Let x be 4/(-10) - (25222/(-5) - -4). Suppose -4*v - a = -x, 6*a - a = -20. Is v a prime number?
False
Suppose 6537 = -2*z + 5*z. Is z a prime number?
True
Let y(b) = -11*b + 2. Suppose 0 = -2*p + 18 - 4. Suppose 6*c + p = 5*c. Is y(c) a composite number?
False
Is (422 + 0)/((-1904)/106 + 18) prime?
False
Suppose 5072 + 11109 = 11*x. Is x composite?
False
Let b(y) = -y**2 - 3*y + 4. Let f be b(-4). Let h be 5/1 - 28/(-14). Suppose -h*u + 3297 = -f*u. Is u a prime number?
False
Let u = 1050 - -3147. Is u prime?
False
Suppose 129919 = 13*c + 19042. Is c a prime number?
False
Suppose -10 = h - 3*h. Suppose -2*x + 252 = o, 2*o = -h*x + o + 627. Suppose -a + x = -2*z, 3 = 7*z - 4*z. Is a composite?
False
Let v = 44 - 65. Let s = 26 + -57. Let q = v - s. Is q prime?
False
Suppose 2*j + 3*p = 1358, -3*j + 2*p + 2222 = 185. Is j a prime number?
False
Let g(r) = -r**2 + 3*r + 5. Suppose -5*x + 4 = -4*t, 5*t - 4*t + 2 = x. Let w be g(t). Let o = 150 - w. Is o a prime number?
True
Let y = -9933 + 13965. Suppose 1388 + y = 4*x. Is x composite?
True
Let g(r) = 2*r**2 - 15*r - 30. Let m be g(-22). Let k = m + -654. Is k prime?
False
Suppose 4*p - 660 = 2*u, 0*p + 323 = -u - 5*p. Is 5 - (u - 6/(-3)) prime?
True
Is (6/30)/((-1)/(-39965)) composite?
False
Let h(d) = 3222*d**3 - 2*d**2 - 7*d + 8. Is h(1) a prime number?
True
Let f = -9 + 9. Suppose f = 4*o - 5*n - 11, 4*n + 5 = -2*o + 17. Suppose 0 = -2*s + 4*k + 486, 0 = -s - 3*k + o*k + 248. Is